s*o + 3. Let n(x) = -2*x + 5. Calculate n(o).
-7
Let r(b) = -5*b**2 + 0*b**3 + 3*b - 4*b**3 + 3*b**3 - 4*b - 5*b. Give r(-4).
8
Let i = -12 - -6. Let v(h) = -8 - 217*h + 105*h + 111*h. Calculate v(i).
-2
Let r(f) = 1. Suppose -4*w = -12 - 4. Let n(d) = -d**2 + 6*d - 1. Let u(g) = w*r(g) - n(g). What is u(4)?
-3
Let c(j) = -j**2 + 10*j - 17. Let a be c(5). Let x(g) = 24*g + 29*g + 23*g + a - 77*g. What is x(8)?
0
Let f(w) be the second derivative of -w**3/6 - 7*w**2/2 - 162*w. Let k be (-3)/(-3)*(1 - 4). Give f(k).
-4
Let n(x) be the first derivative of -x**6/360 - x**5/20 + x**4/12 + 8*x**3/3 + 1. Let l(c) be the third derivative of n(c). What is l(-6)?
2
Let a be 3 - (26/22 - 12/66). Let b(g) = g**3 - 4*g**2 + 2*g + 2. Give b(a).
-2
Let s(k) = -26*k - 29*k + 93*k + 22*k**2 - 3*k**3 + 2 - 24*k - 22*k. Give s(7).
-5
Let w(l) = -11*l - 100. Let o be w(-9). Let i(j) = 6*j**3 - 3*j - 2. Calculate i(o).
-5
Let b(h) = -h**2 + h. Let x(v) = -10 + 3*v + 2*v + 4 - 3*v. Let j be x(4). Suppose 0*d = j*w + d + 6, 5*d = -5*w - 25. Determine b(w).
-2
Let u be 3 + 25/15 + (-1)/(-3). Suppose 4*l - 3*f - 26 = -0*f, -3*l - 5*f + u = 0. Let a(r) = -2*r + 5. What is a(l)?
-5
Let j(x) = x**2 - 4. Let q be j(0). Let u(z) = -z**2 - 2*z - 6. Calculate u(q).
-14
Suppose 24 = 4*u + 2*w - 6*w, 4*u - 2*w = 24. Let g(z) = -z**3 + 6*z**2 + z + 4. Calculate g(u).
10
Suppose -5*w + 1 = 4*c + 23, -2 = 2*c - 2*w. Let k(i) be the third derivative of i**4/24 + 5*i**3/6 - 10*i**2. What is k(c)?
2
Let f(g) = g**3 + 11*g**2 - 3*g + 7. Let i(q) = -3*q**2 + q + 1. Let x(a) = f(a) + 2*i(a). Determine x(-4).
29
Let h(d) = 22*d**2 + 4*d - 2. Let n be h(1). Let s(o) = o - 3*o - 22*o**2 - 2*o**3 + n*o**2 + 1. Calculate s(1).
-1
Let y be 4/(-6)*3/1. Let h(l) be the second derivative of l**3/3 - 2*l + 74. What is h(y)?
-4
Let d(z) be the third derivative of z**4/24 + 7*z**3/6 + 166*z**2. What is d(-4)?
3
Let o(l) be the second derivative of l**5/24 + l**4/6 - 9*l**3/2 - 7*l. Let z(r) be the second derivative of o(r). Give z(-5).
-21
Let k(m) be the second derivative of -m**5/120 + m**4/8 - 8*m**3/3 - 8*m. Let b(r) be the second derivative of k(r). Let v = -1 - 2. Give b(v).
6
Let y(j) = -25*j**2 + 30*j**2 + j**3 - 3 + 0 - 2*j + j. What is y(-4)?
17
Let x(f) be the first derivative of -f**4/4 + 2*f**3 - 2*f**2 - f - 271. Suppose 2*s - 12 = -2*c, 3*s + 2*c - 19 = -2*c. Determine x(s).
4
Let t(k) = -3*k + 1. Let p = -78 - -15. Let w = -62 - p. Calculate t(w).
-2
Suppose -6*h + 43 = -5*h. Let n(y) = -h*y - 43*y - 1 + y**2 + 88*y. What is n(-3)?
2
Let l(z) be the third derivative of z**5/60 - 5*z**4/12 - 5*z**3/3 - z**2 + 48. Give l(10).
-10
Let k(b) = 6*b**3 - 77*b**2 - 11*b - 55. Let l(w) = -w**3 + 14*w**2 + 2*w + 11. Let u(g) = -2*k(g) - 11*l(g). What is u(0)?
-11
Let w(a) = -6*a + 4. Suppose 20 = 5*d + 58*o - 57*o, 0 = 2*d - 3*o + 9. Determine w(d).
-14
Let j = -186 + 184. Let a(x) = -7*x - 4. Let r(q) = 6*q + 3. Let d(w) = -5*a(w) - 6*r(w). Determine d(j).
4
Let f = 1 + -1. Suppose -w - 3*w - q - 17 = f, 3*q = 2*w + 5. Let p(m) = m**2 + 2*m - 1. Give p(w).
7
Let t(l) = -l**2 - 5*l + 1. Let b be t(-4). Suppose b*q - 32 = 3. Suppose -3 + q = z. Let o(c) = -c**2 + 4*c - 1. What is o(z)?
-1
Let a(c) be the second derivative of -c**4/12 - 19*c**3/6 - 15*c**2 - 96*c. Determine a(-17).
4
Let k(i) = -3*i. Let t(u) = 7 + 6*u**3 - 16*u**3 + 2*u + 9*u**3 + u**2. Let j be t(3). What is k(j)?
15
Let j(i) = 3*i**2 + 8*i - 19. Let o be j(2). Let u(v) = v**2 - 11*v - 11. Determine u(o).
-29
Let q = -40 - -42. Let a(y) = -3*y**3 + 3*y**2 - 4*y + 3. What is a(q)?
-17
Suppose -15 = 5*n, 0 = 5*s - 2*n - 2 - 14. Let q(i) = 1 + 0*i + s - 8 + i. Give q(3).
-2
Let r = -244 + 246. Let c be (-4)/(-14) + (-2)/7. Let g(m) = 0 + 3 + 2*m + c*m + r*m. Calculate g(-3).
-9
Let t(o) = 2*o**2 - 55*o - 87. Let f be t(29). Let v(m) = -m**2 - 3*m + 1. Calculate v(f).
1
Let j(q) = -q - q - 3 + q. Let u be -21*((-80)/(-70))/8. What is j(u)?
0
Let b(j) = j + 2. Let z be (-27)/((-81)/60)*(-4)/(-10). Give b(z).
10
Let n(l) be the third derivative of l**5/60 - l**4/24 - l**3/6 - l**2. Let i be 14/(-63) + (-47)/(-9). Suppose -2 = i*p - 17. Give n(p).
5
Let z be 11 + (1 + -2 - -1). Let u(t) = 2 + 14*t - 3*t**2 - 7 - 5*t. Let o(p) = -p**2 + 3*p - 2. Let q(r) = z*o(r) - 4*u(r). Calculate q(3).
-2
Let q(f) = f**2 + 1 - 4*f**2 + f**2. Let d(w) = -2*w + 13. Let y be d(6). What is q(y)?
-1
Suppose -5*f - 3*n + 21 + 24 = 0, -n + 18 = 2*f. Let p be 9 + 1 + (5 - f). Let a(c) = 3*c - 7. Give a(p).
11
Let d(w) = w - 3. Let o = 6 + -4. Suppose -27 = -g - o*g + 3*j, 29 = 5*g + 3*j. Determine d(g).
4
Let v(g) = g**3 - 7*g**2 - 9*g + 10. Suppose 755 + 645 = 14*n. Let b = -92 + n. Give v(b).
2
Let r(n) = -3*n**2 - 4 + 20*n**3 - 6*n**3 + n - 2*n + 0. Let j(o) = o**3 - o**2 - o - 1. Let w(x) = -3*j(x) + r(x). What is w(1)?
12
Let u be ((-30)/(-4))/((-363)/(-484)). Let v(o) = 1 - 2*o + o**2 - 3*o - 5*o. Calculate v(u).
1
Let s(v) = -5*v - 13. Let u(b) = 2*b + 6. Let o be 0*2/(-8) - -3. Let c(d) = o*s(d) + 7*u(d). Let t be (-2)/(-3*(-1)/(-6)). Determine c(t).
-1
Let b(f) = -f**2 + f - 1. Let j(w) = w**3 + 8*w**2 - 12*w + 4. Let t(m) = 6*b(m) + j(m). Let a(x) = -2*x + 9 + 2 + 4 - 5. Let k be a(7). Calculate t(k).
-10
Let w be 6/5*(-5)/(-3). Let f(u) = -5*u + 2 - 2 - u. Calculate f(w).
-12
Let l = 614 - 619. Let a(w) = -w**3 - 4*w**2 + 5*w - 7. Calculate a(l).
-7
Let k(l) = -l**2 - l + 21. Let s(o) = -11*o**2 + 155*o - 14. Let m be s(14). What is k(m)?
21
Let u(g) = 2*g + 1. Suppose -35 = -11*v + 9. Suppose -4*d + 3*z - 18 = 0, -3*d + v*z - 20 = d. What is u(d)?
-5
Suppose -5*n = -0*n. Let l(m) = m**3 + 6*m**2 + 3*m + 2. Let k be l(-5). Let s(b) = -4 + 3*b**2 + 2 - 2*b**2 - k. What is s(n)?
-14
Let v(o) = -15*o - 371. Let c be v(-25). Let j(k) = -k**2 + 3*k - 5. Determine j(c).
-9
Suppose -t + 23 = 4*y, -2 = y - t - 14. Let c = y - 5. Let g = c + 4. Let h(f) = f**2 - 7*f + 1. Determine h(g).
-5
Let n(m) be the first derivative of m**3/3 + m**2/2 - 8*m + 1. Let a(s) = -s**2 + 25*s - 32. Let b be a(27). Let h = -86 - b. Give n(h).
-8
Let o(u) = 8*u**2 + 12*u - 10. Let w(z) = -3*z**2 - 4*z + 3. Let v(n) = -4*o(n) - 11*w(n). Let f be v(0). Let l(b) = b**3 - 7*b**2 - b + 2. Give l(f).
-5
Let f(q) = 22*q. Let g be f(1). Let y(n) = 47*n**2 - 26*n**2 - g*n**2 - 3 - 2*n. Determine y(-3).
-6
Let n(t) = 9 + 6 - 4*t**2 - 3 - 4 + 5*t - 2 - t**3. Let s(g) = -g**2 - 3*g - 2. Let r be s(-2). Suppose z + 5*x = r, 4*x - 10 = z - x. Calculate n(z).
6
Let j(v) = -v + 3. Let b(q) = 1. Let t(u) = -3*b(u) + j(u). Suppose 0 = -4*h - 5*p - 7, 2*h + p = 5*h + 10. Give t(h).
3
Let u(n) = -2*n + 1. Let j be u(1). Let i(t) be the third derivative of t**5/15 + t**2 - 116*t. Give i(j).
4
Suppose -4*f - 15 = -f, 2*f + 64 = -2*q. Let o = q + 26. Let y(z) = z**2 - z - 1. Calculate y(o).
1
Suppose -3*i + o - 2*o - 74 = 0, -5*i - 126 = -o. Let f be i/(-3) + (-56)/42. Let q(u) = u**2 - 5*u - 7. Give q(f).
7
Let z(d) = d + 7. Let t be z(-6). Let q(r) = 5*r**2 - 6*r - 3. Let l(w) = -w**2 - 1. Let a(p) = t*q(p) + 4*l(p). Let g = 8640 - 8634. Calculate a(g).
-7
Let s(d) be the third derivative of d**7/840 - 7*d**6/360 - d**5/60 + d**4/6 + 5*d**3 + 3*d**2. Let k(x) be the first derivative of s(x). Calculate k(7).
-10
Let n(s) = s**2 + s - 3. Let q(i) = 3*i**3 - i**2 + 15. Let r(u) = -4*n(u) - q(u). Give r(-2).
17
Let t(b) = b**3 + b**2 - b - 1. Let m(f) = -3*f**3 - 5*f**2 + 3*f + 4. Let y(u) = m(u) + 4*t(u). Calculate y(2).
2
Let b(z) = -7*z**2. Let f be 3*(20/6)/(-2). Let y(n) be the first derivative of n**4/4 + 5*n**3/3 - n**2/2 - 6*n - 1. Let u be y(f). What is b(u)?
-7
Suppose -3*i - 4*h - 7 = 0, 0 = 2*i + h - 3*h - 14. Suppose i*n + 0 = -3. Let o be (n - 0)*(-15)/(-3). Let z(m) = -m**3 - 5*m**2 - m - 1. What is z(o)?
4
Let u(r) = 5*r**2 + 5*r - 2. Let d(k) = -k**3 - 5*k**2 + 9*k + 14. Let w be d(-6). What is u(w)?
58
Let p(r) = r**3 + 14*r**2 - r - 9. Let j(t) = -2*t**3 + t. Let y be j(2). Give p(y).
5
Let c(x) = x - 14. Let n(f) = 27*f - 152. Let m be n(6). Determine c(m).
-4
Let l(i) = 4*i**3 - 7*i**2 - 8*i + 2. Let r(b) = 5*b**3 - 7*b**2 - 10*b + 2. Let s(v) = -6*l(v) + 5*r(v). Give s(-7).
12
Let k be (-34)/(-51) - 26/(-6). Let m(q) be the first derivative of -q**2 - 7*q - 2. Calculate